{"id":15,"date":"2024-11-05T22:31:54","date_gmt":"2024-11-05T22:31:54","guid":{"rendered":"https:\/\/jordnararesor.se\/?page_id=15"},"modified":"2024-11-05T22:47:24","modified_gmt":"2024-11-05T22:47:24","slug":"hem","status":"publish","type":"page","link":"https:\/\/jordnararesor.se\/","title":{"rendered":"Hem"},"content":{"rendered":"\n<div class=\"wp-block-cover alignfull is-light hestia-clear-top-padding\"><span aria-hidden=\"true\" class=\"wp-block-cover__background has-white-background-color has-background-dim-100 has-background-dim\"><\/span><div class=\"wp-block-cover__inner-container is-layout-flow wp-block-cover-is-layout-flow\">\n<h2 class=\"wp-block-heading has-text-align-center has-text-color\" style=\"color:#3c4858\">Vad vi st\u00e5r f\u00f6r<\/h2>\n\n\n\n<div style=\"height:40px\" aria-hidden=\"true\" class=\"wp-block-spacer\"><\/div>\n\n\n\n<div class=\"wp-block-columns container is-layout-flex wp-container-core-columns-is-layout-28f84493 wp-block-columns-is-layout-flex\">\n<div class=\"wp-block-column is-layout-flow wp-block-column-is-layout-flow\"><div class=\"wp-block-image\">\n<figure class=\"aligncenter size-large\"><img decoding=\"async\" src=\"https:\/\/jordnararesor.se\/wp-content\/themes\/hestia\/assets\/img\/feat1.png\" alt=\"\" class=\"wp-image-70\"\/><\/figure>\n<\/div>\n\n\n<h5 class=\"wp-block-heading has-text-align-center has-text-color\" style=\"color:#3c4858;font-size:18px\">H\u00e5llbarhet<\/h5>\n\n\n\n<p class=\"has-text-align-center has-text-color\" style=\"color:#999999;font-size:14px\">Vi prioriterar milj\u00f6n i allt vi g\u00f6r. Genom att v\u00e4lja t\u00e5gresor minskar vi v\u00e5ra klimatavtryck och fr\u00e4mjar ett resande som \u00e4r skonsamt f\u00f6r b\u00e5de natur och samh\u00e4lle.<\/p>\n\n\n\n<div style=\"height:25px\" aria-hidden=\"true\" class=\"wp-block-spacer\"><\/div>\n<\/div>\n\n\n\n<div class=\"wp-block-column is-layout-flow wp-block-column-is-layout-flow\"><div class=\"wp-block-image\">\n<figure class=\"aligncenter size-large\"><img decoding=\"async\" src=\"https:\/\/jordnararesor.se\/wp-content\/themes\/hestia\/assets\/img\/feat2.png\" alt=\"\" class=\"wp-image-71\"\/><\/figure>\n<\/div>\n\n\n<h5 class=\"wp-block-heading has-text-align-center has-text-color\" style=\"color:#3c4858;font-size:18px\">Service<\/h5>\n\n\n\n<p class=\"has-text-align-center has-text-color\" style=\"color:#999999;font-size:14px\">V\u00e5r service \u00e4r personlig, omsorgsfull och anpassad efter dina behov. Vi erbjuder noggrant planerade resor d\u00e4r varje detalj \u00e4r genomt\u00e4nkt f\u00f6r att ge dig en bekv\u00e4m och minnesv\u00e4rd upplevelse.<\/p>\n\n\n\n<div style=\"height:25px\" aria-hidden=\"true\" class=\"wp-block-spacer\"><\/div>\n<\/div>\n\n\n\n<div class=\"wp-block-column is-layout-flow wp-block-column-is-layout-flow\"><div class=\"wp-block-image\">\n<figure class=\"aligncenter size-large\"><img decoding=\"async\" src=\"https:\/\/jordnararesor.se\/wp-content\/themes\/hestia\/assets\/img\/feat3.png\" alt=\"\" class=\"wp-image-72\"\/><\/figure>\n<\/div>\n\n\n<h5 class=\"wp-block-heading has-text-align-center has-text-color\" style=\"color:#3c4858;font-size:18px\">Framtid<\/h5>\n\n\n\n<p class=\"has-text-align-center has-text-color\" style=\"color:#999999;font-size:14px\">Vi blickar fram\u00e5t och arbetar f\u00f6r att f\u00f6r\u00e4ndra s\u00e4ttet vi reser p\u00e5. Med h\u00e5llbara val skapar vi framtidens resande, d\u00e4r omtanke om planeten och kommande generationer st\u00e5r i centrum.<\/p>\n\n\n\n<div style=\"height:25px\" aria-hidden=\"true\" class=\"wp-block-spacer\"><\/div>\n<\/div>\n<\/div>\n\n\n\n<div style=\"height:40px\" aria-hidden=\"true\" class=\"wp-block-spacer\"><\/div>\n<\/div><\/div>\n\n\n\n<div class=\"wp-block-columns container is-layout-flex wp-container-core-columns-is-layout-28f84493 wp-block-columns-is-layout-flex\">\n<div class=\"wp-block-column col-md-5 is-layout-flow wp-block-column-is-layout-flow\">\n<div style=\"height:55px\" aria-hidden=\"true\" class=\"wp-block-spacer\"><\/div>\n\n\n\n<h2 class=\"wp-block-heading\">Om Jordn\u00e4ra resor<\/h2>\n\n\n\n<p>V\u00e4lkommen till Jordn\u00e4ra Resor, din h\u00e5llbara resepartner f\u00f6r milj\u00f6medvetna \u00e4ventyr! Vi brinner f\u00f6r att g\u00f6ra resandet mer ansvarsfullt och erbjuder dig noggrant planerade och of\u00f6rgl\u00f6mliga upplevelser d\u00e4r varje resa sker med t\u00e5g.<\/p>\n\n\n\n<p>Vi tror att resor inte bara handlar om att n\u00e5 en destination, utan ocks\u00e5 om att njuta av varje steg p\u00e5 v\u00e4gen. Med oss f\u00e5r du m\u00f6jligheten att utforska natursk\u00f6na platser och dolda p\u00e4rlor l\u00e4ngs t\u00e5gets rutt, allt medan du reser p\u00e5 ett h\u00e5llbart och klimatv\u00e4nligt s\u00e4tt.<\/p>\n\n\n\n<p>V\u00e5rt m\u00e5l \u00e4r att kombinera bekv\u00e4mlighet, \u00e4ventyr och omtanke om v\u00e5r planet. Genom att v\u00e4lja t\u00e5get som transportmedel minskar vi v\u00e5ra koldioxidutsl\u00e4pp, och varje resa \u00e4r noggrant designad f\u00f6r att ge dig en djupare f\u00f6rst\u00e5else och koppling till de platser vi bes\u00f6ker. Oavsett om du dr\u00f6mmer om att uppt\u00e4cka Europas kulturella skatter, skandinaviska fjordar eller Alpernas hisnande landskap, s\u00e5 ser vi till att din resa blir lika jordn\u00e4ra som den \u00e4r minnesv\u00e4rd.<\/p>\n\n\n\n<p>Hos Jordn\u00e4ra Resor ser vi till helheten \u2013 resan, destinationen och avtrycket vi l\u00e4mnar efter oss. Tillsammans kan vi resa med omtanke och uppt\u00e4cka v\u00e4rlden med t\u00e5g, ett h\u00e5llbart steg i r\u00e4tt riktning.<\/p>\n<\/div>\n\n\n\n<div class=\"wp-block-column col-md-6 col-md-offset1 is-layout-flow wp-block-column-is-layout-flow\">\n<div style=\"height:55px\" aria-hidden=\"true\" class=\"wp-block-spacer\"><\/div>\n\n\n\n<figure class=\"wp-block-image size-large\"><img fetchpriority=\"high\" decoding=\"async\" width=\"681\" height=\"1024\" src=\"https:\/\/jordnararesor.se\/wp-content\/uploads\/2024\/11\/pexels-jonathanborba-29175909-681x1024.jpg\" alt=\"\" class=\"wp-image-54\" srcset=\"https:\/\/jordnararesor.se\/wp-content\/uploads\/2024\/11\/pexels-jonathanborba-29175909-681x1024.jpg 681w, https:\/\/jordnararesor.se\/wp-content\/uploads\/2024\/11\/pexels-jonathanborba-29175909-200x300.jpg 200w, https:\/\/jordnararesor.se\/wp-content\/uploads\/2024\/11\/pexels-jonathanborba-29175909-768x1154.jpg 768w, https:\/\/jordnararesor.se\/wp-content\/uploads\/2024\/11\/pexels-jonathanborba-29175909-1022x1536.jpg 1022w, https:\/\/jordnararesor.se\/wp-content\/uploads\/2024\/11\/pexels-jonathanborba-29175909-1363x2048.jpg 1363w, https:\/\/jordnararesor.se\/wp-content\/uploads\/2024\/11\/pexels-jonathanborba-29175909-scaled.jpg 1703w\" sizes=\"(max-width: 681px) 100vw, 681px\" \/><\/figure>\n\n\n\n<p><\/p>\n<\/div>\n<\/div>\n","protected":false},"excerpt":{"rendered":"<p>Om Jordn\u00e4ra resor V\u00e4lkommen till Jordn\u00e4ra Resor, din h\u00e5llbara resepartner f\u00f6r milj\u00f6medvetna \u00e4ventyr! Vi brinner f\u00f6r att g\u00f6ra resandet mer ansvarsfullt och erbjuder dig noggrant planerade och of\u00f6rgl\u00f6mliga upplevelser d\u00e4r varje resa sker med t\u00e5g. Vi tror att resor inte bara handlar om att n\u00e5 en destination, utan ocks\u00e5 om [&hellip;]<\/p>\n","protected":false},"author":1,"featured_media":0,"parent":0,"menu_order":0,"comment_status":"closed","ping_status":"closed","template":"","meta":{"footnotes":""},"class_list":["post-15","page","type-page","status-publish","hentry"],"yoast_head":"<!-- This site is optimized with the Yoast SEO plugin v23.8 - https:\/\/yoast.com\/wordpress\/plugins\/seo\/ -->\n<title>Hem -<\/title>\n<meta name=\"description\" content=\"Jordn\u00e4ra Resor \u00e4r den personliga resebyr\u00e5n som erbjuder h\u00e5llbara t\u00e5gresor med fokus p\u00e5 milj\u00f6v\u00e4nliga och autentiska upplevelser.\" \/>\n<meta name=\"robots\" content=\"index, follow, max-snippet:-1, max-image-preview:large, max-video-preview:-1\" \/>\n<link rel=\"canonical\" href=\"https:\/\/jordnararesor.se\/\" \/>\n<meta property=\"og:locale\" content=\"sv_SE\" \/>\n<meta property=\"og:type\" content=\"article\" \/>\n<meta property=\"og:title\" content=\"Hem -\" \/>\n<meta property=\"og:description\" content=\"Jordn\u00e4ra Resor \u00e4r den personliga resebyr\u00e5n som erbjuder h\u00e5llbara t\u00e5gresor med fokus p\u00e5 milj\u00f6v\u00e4nliga och autentiska upplevelser.\" \/>\n<meta property=\"og:url\" content=\"https:\/\/jordnararesor.se\/\" \/>\n<meta property=\"article:modified_time\" content=\"2024-11-05T22:47:24+00:00\" \/>\n<meta name=\"twitter:card\" content=\"summary_large_image\" \/>\n<meta name=\"twitter:label1\" content=\"Ber\u00e4knad l\u00e4stid\" \/>\n\t<meta name=\"twitter:data1\" content=\"3 minuter\" \/>\n<script type=\"application\/ld+json\" class=\"yoast-schema-graph\">{\"@context\":\"https:\/\/schema.org\",\"@graph\":[{\"@type\":\"WebPage\",\"@id\":\"https:\/\/jordnararesor.se\/\",\"url\":\"https:\/\/jordnararesor.se\/\",\"name\":\"Hem -\",\"isPartOf\":{\"@id\":\"https:\/\/jordnararesor.se\/#website\"},\"primaryImageOfPage\":{\"@id\":\"https:\/\/jordnararesor.se\/#primaryimage\"},\"image\":{\"@id\":\"https:\/\/jordnararesor.se\/#primaryimage\"},\"thumbnailUrl\":\"https:\/\/jordnararesor.se\/wp-content\/themes\/hestia\/assets\/img\/feat1.png\",\"datePublished\":\"2024-11-05T22:31:54+00:00\",\"dateModified\":\"2024-11-05T22:47:24+00:00\",\"description\":\"Jordn\u00e4ra Resor \u00e4r den personliga resebyr\u00e5n som erbjuder h\u00e5llbara t\u00e5gresor med fokus p\u00e5 milj\u00f6v\u00e4nliga och autentiska upplevelser.\",\"breadcrumb\":{\"@id\":\"https:\/\/jordnararesor.se\/#breadcrumb\"},\"inLanguage\":\"sv-SE\",\"potentialAction\":[{\"@type\":\"ReadAction\",\"target\":[\"https:\/\/jordnararesor.se\/\"]}]},{\"@type\":\"ImageObject\",\"inLanguage\":\"sv-SE\",\"@id\":\"https:\/\/jordnararesor.se\/#primaryimage\",\"url\":\"\",\"contentUrl\":\"\"},{\"@type\":\"BreadcrumbList\",\"@id\":\"https:\/\/jordnararesor.se\/#breadcrumb\",\"itemListElement\":[{\"@type\":\"ListItem\",\"position\":1,\"name\":\"Hem\",\"item\":\"https:\/\/jordnararesor.se\/\"},{\"@type\":\"ListItem\",\"position\":2,\"name\":\"Hem\"}]},{\"@type\":\"WebSite\",\"@id\":\"https:\/\/jordnararesor.se\/#website\",\"url\":\"https:\/\/jordnararesor.se\/\",\"name\":\"\",\"description\":\"Din h\u00e5llbara resebyr\u00e5\",\"potentialAction\":[{\"@type\":\"SearchAction\",\"target\":{\"@type\":\"EntryPoint\",\"urlTemplate\":\"https:\/\/jordnararesor.se\/?s={search_term_string}\"},\"query-input\":{\"@type\":\"PropertyValueSpecification\",\"valueRequired\":true,\"valueName\":\"search_term_string\"}}],\"inLanguage\":\"sv-SE\"}]}<\/script>\n<!-- \/ Yoast SEO plugin. -->","yoast_head_json":{"title":"Hem -","description":"Jordn\u00e4ra Resor \u00e4r den personliga resebyr\u00e5n som erbjuder h\u00e5llbara t\u00e5gresor med fokus p\u00e5 milj\u00f6v\u00e4nliga och autentiska upplevelser.","robots":{"index":"index","follow":"follow","max-snippet":"max-snippet:-1","max-image-preview":"max-image-preview:large","max-video-preview":"max-video-preview:-1"},"canonical":"https:\/\/jordnararesor.se\/","og_locale":"sv_SE","og_type":"article","og_title":"Hem -","og_description":"Jordn\u00e4ra Resor \u00e4r den personliga resebyr\u00e5n som erbjuder h\u00e5llbara t\u00e5gresor med fokus p\u00e5 milj\u00f6v\u00e4nliga och autentiska upplevelser.","og_url":"https:\/\/jordnararesor.se\/","article_modified_time":"2024-11-05T22:47:24+00:00","twitter_card":"summary_large_image","twitter_misc":{"Ber\u00e4knad l\u00e4stid":"3 minuter"},"schema":{"@context":"https:\/\/schema.org","@graph":[{"@type":"WebPage","@id":"https:\/\/jordnararesor.se\/","url":"https:\/\/jordnararesor.se\/","name":"Hem -","isPartOf":{"@id":"https:\/\/jordnararesor.se\/#website"},"primaryImageOfPage":{"@id":"https:\/\/jordnararesor.se\/#primaryimage"},"image":{"@id":"https:\/\/jordnararesor.se\/#primaryimage"},"thumbnailUrl":"https:\/\/jordnararesor.se\/wp-content\/themes\/hestia\/assets\/img\/feat1.png","datePublished":"2024-11-05T22:31:54+00:00","dateModified":"2024-11-05T22:47:24+00:00","description":"Jordn\u00e4ra Resor \u00e4r den personliga resebyr\u00e5n som erbjuder h\u00e5llbara t\u00e5gresor med fokus p\u00e5 milj\u00f6v\u00e4nliga och autentiska upplevelser.","breadcrumb":{"@id":"https:\/\/jordnararesor.se\/#breadcrumb"},"inLanguage":"sv-SE","potentialAction":[{"@type":"ReadAction","target":["https:\/\/jordnararesor.se\/"]}]},{"@type":"ImageObject","inLanguage":"sv-SE","@id":"https:\/\/jordnararesor.se\/#primaryimage","url":"","contentUrl":""},{"@type":"BreadcrumbList","@id":"https:\/\/jordnararesor.se\/#breadcrumb","itemListElement":[{"@type":"ListItem","position":1,"name":"Hem","item":"https:\/\/jordnararesor.se\/"},{"@type":"ListItem","position":2,"name":"Hem"}]},{"@type":"WebSite","@id":"https:\/\/jordnararesor.se\/#website","url":"https:\/\/jordnararesor.se\/","name":"","description":"Din h\u00e5llbara resebyr\u00e5","potentialAction":[{"@type":"SearchAction","target":{"@type":"EntryPoint","urlTemplate":"https:\/\/jordnararesor.se\/?s={search_term_string}"},"query-input":{"@type":"PropertyValueSpecification","valueRequired":true,"valueName":"search_term_string"}}],"inLanguage":"sv-SE"}]}},"_links":{"self":[{"href":"https:\/\/jordnararesor.se\/index.php\/wp-json\/wp\/v2\/pages\/15","targetHints":{"allow":["GET"]}}],"collection":[{"href":"https:\/\/jordnararesor.se\/index.php\/wp-json\/wp\/v2\/pages"}],"about":[{"href":"https:\/\/jordnararesor.se\/index.php\/wp-json\/wp\/v2\/types\/page"}],"author":[{"embeddable":true,"href":"https:\/\/jordnararesor.se\/index.php\/wp-json\/wp\/v2\/users\/1"}],"replies":[{"embeddable":true,"href":"https:\/\/jordnararesor.se\/index.php\/wp-json\/wp\/v2\/comments?post=15"}],"version-history":[{"count":6,"href":"https:\/\/jordnararesor.se\/index.php\/wp-json\/wp\/v2\/pages\/15\/revisions"}],"predecessor-version":[{"id":56,"href":"https:\/\/jordnararesor.se\/index.php\/wp-json\/wp\/v2\/pages\/15\/revisions\/56"}],"wp:attachment":[{"href":"https:\/\/jordnararesor.se\/index.php\/wp-json\/wp\/v2\/media?parent=15"}],"curies":[{"name":"wp","href":"https:\/\/api.w.org\/{rel}","templated":true}]}}