{"id":2,"date":"2024-11-05T22:20:20","date_gmt":"2024-11-05T22:20:20","guid":{"rendered":"https:\/\/jordnararesor.se\/?page_id=2"},"modified":"2024-11-06T00:02:54","modified_gmt":"2024-11-06T00:02:54","slug":"resor","status":"publish","type":"page","link":"https:\/\/jordnararesor.se\/index.php\/resor\/","title":{"rendered":"Resor"},"content":{"rendered":"\n<p>Vi erbjuder ett brett utbud av resm\u00e5l och upplevelser f\u00f6r dig som vill resa p\u00e5 ett mer h\u00e5llbart och medvetet s\u00e4tt. V\u00e5rt fokus ligger p\u00e5 milj\u00f6v\u00e4nliga transporter, fr\u00e4mst med t\u00e5g, och vi har noga utvalda destinationer d\u00e4r du kan njuta av b\u00e5de natur, kultur och lokala upplevelser.<\/p>\n\n\n\n<p>Oavsett om du s\u00f6ker en avkopplande semester i en pittoresk sm\u00e5stad, en \u00e4ventyrlig resa till natursk\u00f6na omr\u00e5den, eller en kulturell upplevelse i en av Europas storst\u00e4der, har vi resor som passar dig. Vi str\u00e4var efter att varje resa ska ha s\u00e5 liten milj\u00f6p\u00e5verkan som m\u00f6jligt, utan att kompromissa med upplevelsen.<\/p>\n\n\n\n<p>Genom att v\u00e4lja Jordn\u00e4ra Resor g\u00f6r du ett medvetet val att resa h\u00e5llbart och st\u00f6tta lokal turism. Vi ser fram emot att hj\u00e4lpa dig hitta din n\u00e4sta resa!<\/p>\n\n\n\n<p><\/p>\n","protected":false},"excerpt":{"rendered":"<p>Vi erbjuder ett brett utbud av resm\u00e5l och upplevelser f\u00f6r dig som vill resa p\u00e5 ett mer h\u00e5llbart och medvetet s\u00e4tt. V\u00e5rt fokus ligger p\u00e5 milj\u00f6v\u00e4nliga transporter, fr\u00e4mst med t\u00e5g, och vi har noga utvalda destinationer d\u00e4r du kan njuta av b\u00e5de natur, kultur och lokala upplevelser. Oavsett om du [&hellip;]<\/p>\n","protected":false},"author":1,"featured_media":0,"parent":0,"menu_order":0,"comment_status":"closed","ping_status":"open","template":"","meta":{"footnotes":""},"class_list":["post-2","page","type-page","status-publish","hentry"],"yoast_head":"<!-- This site is optimized with the Yoast SEO plugin v23.8 - https:\/\/yoast.com\/wordpress\/plugins\/seo\/ -->\n<title>Resor -<\/title>\n<meta name=\"robots\" content=\"index, follow, max-snippet:-1, max-image-preview:large, max-video-preview:-1\" \/>\n<link rel=\"canonical\" href=\"https:\/\/jordnararesor.se\/index.php\/resor\/\" \/>\n<meta property=\"og:locale\" content=\"sv_SE\" \/>\n<meta property=\"og:type\" content=\"article\" \/>\n<meta property=\"og:title\" content=\"Resor -\" \/>\n<meta property=\"og:description\" content=\"Vi erbjuder ett brett utbud av resm\u00e5l och upplevelser f\u00f6r dig som vill resa p\u00e5 ett mer h\u00e5llbart och medvetet s\u00e4tt. V\u00e5rt fokus ligger p\u00e5 milj\u00f6v\u00e4nliga transporter, fr\u00e4mst med t\u00e5g, och vi har noga utvalda destinationer d\u00e4r du kan njuta av b\u00e5de natur, kultur och lokala upplevelser. Oavsett om du [&hellip;]\" \/>\n<meta property=\"og:url\" content=\"https:\/\/jordnararesor.se\/index.php\/resor\/\" \/>\n<meta property=\"article:modified_time\" content=\"2024-11-06T00:02:54+00:00\" \/>\n<meta name=\"twitter:card\" content=\"summary_large_image\" \/>\n<meta name=\"twitter:label1\" content=\"Ber\u00e4knad l\u00e4stid\" \/>\n\t<meta name=\"twitter:data1\" content=\"1 minut\" \/>\n<script type=\"application\/ld+json\" class=\"yoast-schema-graph\">{\"@context\":\"https:\/\/schema.org\",\"@graph\":[{\"@type\":\"WebPage\",\"@id\":\"https:\/\/jordnararesor.se\/index.php\/resor\/\",\"url\":\"https:\/\/jordnararesor.se\/index.php\/resor\/\",\"name\":\"Resor -\",\"isPartOf\":{\"@id\":\"https:\/\/jordnararesor.se\/#website\"},\"datePublished\":\"2024-11-05T22:20:20+00:00\",\"dateModified\":\"2024-11-06T00:02:54+00:00\",\"breadcrumb\":{\"@id\":\"https:\/\/jordnararesor.se\/index.php\/resor\/#breadcrumb\"},\"inLanguage\":\"sv-SE\",\"potentialAction\":[{\"@type\":\"ReadAction\",\"target\":[\"https:\/\/jordnararesor.se\/index.php\/resor\/\"]}]},{\"@type\":\"BreadcrumbList\",\"@id\":\"https:\/\/jordnararesor.se\/index.php\/resor\/#breadcrumb\",\"itemListElement\":[{\"@type\":\"ListItem\",\"position\":1,\"name\":\"Hem\",\"item\":\"https:\/\/jordnararesor.se\/\"},{\"@type\":\"ListItem\",\"position\":2,\"name\":\"Resor\"}]},{\"@type\":\"WebSite\",\"@id\":\"https:\/\/jordnararesor.se\/#website\",\"url\":\"https:\/\/jordnararesor.se\/\",\"name\":\"\",\"description\":\"Din h\u00e5llbara resebyr\u00e5\",\"potentialAction\":[{\"@type\":\"SearchAction\",\"target\":{\"@type\":\"EntryPoint\",\"urlTemplate\":\"https:\/\/jordnararesor.se\/?s={search_term_string}\"},\"query-input\":{\"@type\":\"PropertyValueSpecification\",\"valueRequired\":true,\"valueName\":\"search_term_string\"}}],\"inLanguage\":\"sv-SE\"}]}<\/script>\n<!-- \/ Yoast SEO plugin. -->","yoast_head_json":{"title":"Resor -","robots":{"index":"index","follow":"follow","max-snippet":"max-snippet:-1","max-image-preview":"max-image-preview:large","max-video-preview":"max-video-preview:-1"},"canonical":"https:\/\/jordnararesor.se\/index.php\/resor\/","og_locale":"sv_SE","og_type":"article","og_title":"Resor -","og_description":"Vi erbjuder ett brett utbud av resm\u00e5l och upplevelser f\u00f6r dig som vill resa p\u00e5 ett mer h\u00e5llbart och medvetet s\u00e4tt. V\u00e5rt fokus ligger p\u00e5 milj\u00f6v\u00e4nliga transporter, fr\u00e4mst med t\u00e5g, och vi har noga utvalda destinationer d\u00e4r du kan njuta av b\u00e5de natur, kultur och lokala upplevelser. Oavsett om du [&hellip;]","og_url":"https:\/\/jordnararesor.se\/index.php\/resor\/","article_modified_time":"2024-11-06T00:02:54+00:00","twitter_card":"summary_large_image","twitter_misc":{"Ber\u00e4knad l\u00e4stid":"1 minut"},"schema":{"@context":"https:\/\/schema.org","@graph":[{"@type":"WebPage","@id":"https:\/\/jordnararesor.se\/index.php\/resor\/","url":"https:\/\/jordnararesor.se\/index.php\/resor\/","name":"Resor -","isPartOf":{"@id":"https:\/\/jordnararesor.se\/#website"},"datePublished":"2024-11-05T22:20:20+00:00","dateModified":"2024-11-06T00:02:54+00:00","breadcrumb":{"@id":"https:\/\/jordnararesor.se\/index.php\/resor\/#breadcrumb"},"inLanguage":"sv-SE","potentialAction":[{"@type":"ReadAction","target":["https:\/\/jordnararesor.se\/index.php\/resor\/"]}]},{"@type":"BreadcrumbList","@id":"https:\/\/jordnararesor.se\/index.php\/resor\/#breadcrumb","itemListElement":[{"@type":"ListItem","position":1,"name":"Hem","item":"https:\/\/jordnararesor.se\/"},{"@type":"ListItem","position":2,"name":"Resor"}]},{"@type":"WebSite","@id":"https:\/\/jordnararesor.se\/#website","url":"https:\/\/jordnararesor.se\/","name":"","description":"Din h\u00e5llbara resebyr\u00e5","potentialAction":[{"@type":"SearchAction","target":{"@type":"EntryPoint","urlTemplate":"https:\/\/jordnararesor.se\/?s={search_term_string}"},"query-input":{"@type":"PropertyValueSpecification","valueRequired":true,"valueName":"search_term_string"}}],"inLanguage":"sv-SE"}]}},"_links":{"self":[{"href":"https:\/\/jordnararesor.se\/index.php\/wp-json\/wp\/v2\/pages\/2","targetHints":{"allow":["GET"]}}],"collection":[{"href":"https:\/\/jordnararesor.se\/index.php\/wp-json\/wp\/v2\/pages"}],"about":[{"href":"https:\/\/jordnararesor.se\/index.php\/wp-json\/wp\/v2\/types\/page"}],"author":[{"embeddable":true,"href":"https:\/\/jordnararesor.se\/index.php\/wp-json\/wp\/v2\/users\/1"}],"replies":[{"embeddable":true,"href":"https:\/\/jordnararesor.se\/index.php\/wp-json\/wp\/v2\/comments?post=2"}],"version-history":[{"count":3,"href":"https:\/\/jordnararesor.se\/index.php\/wp-json\/wp\/v2\/pages\/2\/revisions"}],"predecessor-version":[{"id":106,"href":"https:\/\/jordnararesor.se\/index.php\/wp-json\/wp\/v2\/pages\/2\/revisions\/106"}],"wp:attachment":[{"href":"https:\/\/jordnararesor.se\/index.php\/wp-json\/wp\/v2\/media?parent=2"}],"curies":[{"name":"wp","href":"https:\/\/api.w.org\/{rel}","templated":true}]}}